{"id":6,"date":"2013-02-20T16:15:15","date_gmt":"2013-02-20T14:15:15","guid":{"rendered":"http:\/\/ineko.sk\/kea\/?page_id=6"},"modified":"2024-09-30T14:31:19","modified_gmt":"2024-09-30T12:31:19","slug":"clenovia","status":"publish","type":"page","link":"https:\/\/ineko.sk\/kea\/clenovia","title":{"rendered":"\u010clenovia"},"content":{"rendered":"<h3>Predseda<\/h3>\n<table width=\"100%\">\n<tbody>\n<tr>\n<td width=\"33%\"><strong>\u0160r\u00e1mkov\u00e1 Lucia<\/strong><\/td>\n<td width=\"67%\">sabbatical (predt\u00fdm Kancel\u00e1ria Rady pre rozpo\u010dtov\u00fa zodpovednos\u0165, IFP, ING bank)<\/td>\n<\/tr>\n<\/tbody>\n<\/table>\n<h3>\u010eal\u0161\u00ed \u010dlenovia riadiaceho v\u00fdboru<\/h3>\n<table width=\"100%\">\n<tbody>\n<tr>\n<td width=\"33%\"><strong>Valachy Juraj<\/strong><\/td>\n<td width=\"67%\">Tatra banka<\/td>\n<\/tr>\n<tr>\n<td width=\"33%\"><strong>Va\u0161\u00e1kov\u00e1 L\u00edvia<\/strong><\/td>\n<td width=\"67%\">ZSE<\/td>\n<\/tr>\n<\/tbody>\n<\/table>\n<h3>\u010clenovia kontrolnej komisie<\/h3>\n<table width=\"100%\">\n<tbody>\n<tr>\n<td width=\"33%\"><strong>Beblav\u00fd Miroslav<\/strong><\/td>\n<td width=\"67%\">konzultant (predt\u00fdm NR SR, MPSVaR, SGI)<\/td>\n<\/tr>\n<tr>\n<td width=\"33%\"><strong>Machlica Gabriel<\/strong><\/td>\n<td width=\"67%\">OECD<\/td>\n<\/tr>\n<tr>\n<td><strong>Mu\u0161\u00e1k Michal<\/strong><\/td>\n<td>Slovensk\u00e1 sporite\u013e\u0148a<\/td>\n<\/tr>\n<\/tbody>\n<\/table>\n<h3>\u010clenovia<\/h3>\n<table width=\"100%\">\n<tbody>\n<tr>\n<td width=\"33%\"><strong>Arady Andrej<\/strong><\/td>\n<td width=\"67%\">V\u00daB banka<\/td>\n<\/tr>\n<tr>\n<td><strong>Barta Juraj<\/strong><\/td>\n<td>Slovensk\u00e1 sporite\u013e\u0148a<\/td>\n<\/tr>\n<tr>\n<td><strong>Barto Martin<\/strong><\/td>\n<td>konzultant (predt\u00fdm V\u0160ZP, Sberbank, NBS, SLSP)<\/td>\n<\/tr>\n<tr>\n<td><strong>Cup\u00e1k Andrej<\/strong><\/td>\n<td>N\u00e1rodn\u00e1 banka Slovenska<\/td>\n<\/tr>\n<tr>\n<td><strong>Domonkos Tom\u00e1\u0161<\/strong><\/td>\n<td>Fakulta soci\u00e1lnych a ekonomick\u00fdch vied, Univerita Komensk\u00e9ho<\/td>\n<\/tr>\n<tr>\n<td><strong>Dujava Daniel<\/strong><\/td>\n<td>In\u0161tit\u00fat finan\u010dnej politiky, MF SR<\/td>\n<\/tr>\n<tr>\n<td><strong>\u010eurana Radovan<\/strong><\/td>\n<td>INESS<\/td>\n<\/tr>\n<tr>\n<td><strong>Fabo Brian<\/strong><\/td>\n<td>N\u00e1rodn\u00e1 banka Slovenska<\/td>\n<\/tr>\n<tr>\n<td><strong>Falath Juraj<\/strong><\/td>\n<td>N\u00e1rodn\u00e1 banka Slovenska<\/td>\n<\/tr>\n<tr>\n<td><strong>Fojt\u00edk Boris<\/strong><\/td>\n<td>Tatra banka<\/td>\n<\/tr>\n<tr>\n<td><strong>G\u00e1bri\u0161 Marek<\/strong><\/td>\n<td>\u010cSOB<\/td>\n<\/tr>\n<tr>\n<td><strong>Gertler Pavel<\/strong><\/td>\n<td>N\u00e1rodn\u00e1 banka Slovenska<\/td>\n<\/tr>\n<tr>\n<td><strong>Golia\u0161 Peter<\/strong><\/td>\n<td>In\u0161tit\u00fat pre strat\u00e9gie a anal\u00fdzy, \u00darad podpredsedu vl\u00e1dy SR<\/td>\n<\/tr>\n<tr>\n<td><strong>Gumanov\u00e1 Katar\u00edna<\/strong><\/td>\n<td>ESM<\/td>\n<\/tr>\n<tr>\n<td><strong>Harvan Peter<\/strong><\/td>\n<td>Eur\u00f3pska komisia<\/td>\n<\/tr>\n<tr>\n<td><strong>Hor\u0148\u00e1k Matej<\/strong><\/td>\n<td>Slovensk\u00e1 sporite\u013e\u0148a<\/td>\n<\/tr>\n<tr>\n<td><strong>Horv\u00e1th Michal<\/strong><\/td>\n<td>N\u00e1rodn\u00e1 banka Slovenska<\/td>\n<\/tr>\n<tr>\n<td><strong>Chup\u00e1\u010d \u010cerven\u00e1 Marianna<\/strong><\/td>\n<td>Slovensk\u00e1 sporite\u013e\u0148a<\/td>\n<\/tr>\n<tr>\n<td><strong>Karpi\u0161 Juraj<\/strong><\/td>\n<td>INESS<\/td>\n<\/tr>\n<tr>\n<td><strong>Klacso J\u00e1n<\/strong><\/td>\n<td>N\u00e1rodn\u00e1 banka Slovenska<\/td>\n<\/tr>\n<tr>\n<td><strong>K\u0148a\u017eko Miroslav<\/strong><\/td>\n<td>Coface<\/td>\n<\/tr>\n<tr>\n<td><strong>Ko\u010di\u0161 Mari\u00e1n<\/strong><\/td>\n<td>Slovensk\u00e1 sporite\u013e\u0148a<\/td>\n<\/tr>\n<tr>\n<td><strong>Kor\u0161\u0148\u00e1k \u013dubom\u00edr<\/strong><\/td>\n<td>UniCredit Bank<\/td>\n<\/tr>\n<tr>\n<td><strong>Koval\u010d\u00edk J\u00e1n<\/strong><\/td>\n<td>Sekcia pl\u00e1nu obnovy \u00daV SR<\/td>\n<\/tr>\n<tr>\n<td><strong>Kurian Matej<\/strong><\/td>\n<td>\u00datvar hodnoty za peniaze<\/td>\n<\/tr>\n<tr>\n<td><strong>Lehuta Michal<\/strong><\/td>\n<td>V\u00daB banka<\/td>\n<\/tr>\n<tr>\n<td><strong>Lichner Ivan<\/strong><\/td>\n<td>Ekonomick\u00fd \u00fastav Slovenskej akad\u00e9mie vied<\/td>\n<\/tr>\n<tr>\n<td><strong>Lojschov\u00e1 Adriana<\/strong><\/td>\n<td>N\u00e1rodn\u00e1 banka Slovenska<\/td>\n<\/tr>\n<tr>\n<td><strong>L\u00f6rincz Tibor<\/strong><\/td>\n<td>Tatra banka<\/td>\n<\/tr>\n<tr>\n<td><strong>Mach Juraj<\/strong><\/td>\n<td>Mesto Bratislava<\/td>\n<\/tr>\n<tr>\n<td><strong>Marti\u0161ka Andrej<\/strong><\/td>\n<td>Tatra banka<\/td>\n<\/tr>\n<tr>\n<td><strong>M\u00fdtna Kurekov\u00e1 Lucia<\/strong><\/td>\n<td>Prognostick\u00fd \u00fastav Slovenskej akad\u00e9mie vied<\/td>\n<\/tr>\n<tr>\n<td><strong>Novysedl\u00e1k Viktor<\/strong><\/td>\n<td>Kancel\u00e1ria Rady pre rozpo\u010dtov\u00fa zodpovednos\u0165<\/td>\n<\/tr>\n<tr>\n<td><strong>P\u00e1len\u00edk Viliam<\/strong><\/td>\n<td>Slovensk\u00e1 akad\u00e9mia vied<\/td>\n<\/tr>\n<tr>\n<td><strong>Palu\u0161 Peter<\/strong><\/td>\n<td>ESM Board Risk Committee, EFSF Audit Committee, MF SR<\/td>\n<\/tr>\n<tr>\n<td><strong>Pa\u017eitn\u00fd Peter<\/strong><\/td>\n<td>Vysok\u00e1 \u0161kola ekonomick\u00e1 v Praze<\/td>\n<\/tr>\n<tr>\n<td><strong>Prega R\u00f3bert<\/strong><\/td>\n<td>Tatra banka<\/td>\n<\/tr>\n<tr>\n<td><strong>Radvansk\u00fd Marek<\/strong><\/td>\n<td>Ekonomick\u00fd \u00fastav Slovenskej akad\u00e9mie vied<\/td>\n<\/tr>\n<tr>\n<td><strong>Remeta J\u00e1n<\/strong><\/td>\n<td>In\u0161tit\u00fat finan\u010dnej politiky, MF SR<\/td>\n<\/tr>\n<tr>\n<td><strong>Strapo\u0148ov\u00e1 Katar\u00edna<\/strong><\/td>\n<td>Mesto Bratislava<\/td>\n<\/tr>\n<tr>\n<td><strong>\u0160aling Mari\u00e1n<\/strong><\/td>\n<td>In\u0161tit\u00fat finan\u010dnej politiky, MF SR<\/td>\n<\/tr>\n<tr>\n<td><strong>\u0160i\u0161kovi\u010d Matej<\/strong><\/td>\n<td>konzultant (predt\u00fdm IVP, IFP)<\/td>\n<\/tr>\n<tr>\n<td><strong>\u0160tefanides Zdenko<\/strong><\/td>\n<td>V\u00daB banka<\/td>\n<\/tr>\n<tr>\n<td><strong>T\u00f3th Peter<\/strong><\/td>\n<td>N\u00e1rodn\u00e1 banka Slovenska<\/td>\n<\/tr>\n<tr>\n<td><strong>Valachyov\u00e1 M\u00e1ria<\/strong><\/td>\n<td>Slovensk\u00e1 sporite\u013e\u0148a<\/td>\n<\/tr>\n<tr>\n<td><strong>Va\u0148o Vladim\u00edr<\/strong><\/td>\n<td>GLOBSEC<\/td>\n<\/tr>\n<tr>\n<td><strong>Vasi\u013e Roman<\/strong><\/td>\n<td>N\u00e1rodn\u00e1 banka Slovenska<\/td>\n<\/tr>\n<tr>\n<td><strong>Veselkov\u00e1 Marcela<\/strong><\/td>\n<td>In\u0161tit\u00fat soci\u00e1lnej politiky, Ministerstvo pr\u00e1ce, soci\u00e1lnych vec\u00ed a rodiny SR<\/td>\n<\/tr>\n<tr>\n<td><strong>\u017d\u00fadel Branislav<\/strong><\/td>\n<td>In\u0161tit\u00fat finan\u010dnej politiky, MF SR<\/td>\n<\/tr>\n<\/tbody>\n<\/table>\n<h3>In memoriam<\/h3>\n<table width=\"100%\">\n<tbody>\n<tr>\n<td width=\"33%\"><strong>Filko Martin<\/strong><\/td>\n<td width=\"67%\">In\u0161tit\u00fat finan\u010dnej politiky, MF SR<\/td>\n<\/tr>\n<tr>\n<td><strong>\u017dit\u0148ansk\u00fd Robert<\/strong><\/td>\n<td>Nov\u00e1 v\u00e4\u010d\u0161ina<\/td>\n<\/tr>\n<\/tbody>\n<\/table>\n<h3>KEA Alumni (predch\u00e1dzaj\u00faci \u010dlenovia)<\/h3>\n<table width=\"100%\">\n<tbody>\n<tr>\n<td width=\"33%\"><strong>Bruncko Martin<\/strong><\/td>\n<td width=\"67%\"><\/td>\n<\/tr>\n<tr>\n<td><strong>Deren\u00edk D\u00e1vid<\/strong><\/td>\n<td>UniCredit Bank<\/td>\n<\/tr>\n<tr>\n<td><strong>Hagara Eduard<\/strong><\/td>\n<td>do\u010dasne pozastaven\u00e9 \u010dlenstvo z d\u00f4vodu v\u00fdkonu verejnej funkcie<\/td>\n<\/tr>\n<tr>\n<td><strong>Chud\u00edk Alexander<\/strong><\/td>\n<td>FED (predt\u00fdm ECB, Cambridge university, ING Bank)<\/td>\n<\/tr>\n<tr>\n<td><strong>Jurzyca Eugen<\/strong><\/td>\n<td><\/td>\n<\/tr>\n<tr>\n<td><strong>Ki\u0161\u0161 \u0160tefan<\/strong><\/td>\n<td>do\u010dasne pozastaven\u00e9 \u010dlenstvo z d\u00f4vodu v\u00fdkonu verejnej funkcie<\/td>\n<\/tr>\n<tr>\n<td><strong>Kme\u0165 Tom\u00e1\u0161<\/strong><\/td>\n<td>Investor&#8217;s Group, Kanada (predt\u00fdm SLSP)<\/td>\n<\/tr>\n<tr>\n<td><strong>Kotian Juraj<\/strong><\/td>\n<td>do\u010dasne pozastaven\u00e9 \u010dlenstvo z d\u00f4vodu v\u00fdkonu verejnej funkcie (\u010dlen Rady pre rozpo\u010dtov\u00fa zodpovednos\u0165)<\/td>\n<\/tr>\n<tr>\n<td><strong>Kvetan Vladim\u00edr<\/strong><\/td>\n<td>CEDEFOP<\/td>\n<\/tr>\n<tr>\n<td><strong>Marcin\u010din Anton<\/strong><\/td>\n<td>FSEV UK, KOZ<\/td>\n<\/tr>\n<tr>\n<td><strong>Morvay Karol<\/strong><\/td>\n<td><\/td>\n<\/tr>\n<tr>\n<td><strong>Ondriska Pavol<\/strong><\/td>\n<td>Amslico Funds Central Europe (predt\u00fdm ING DSS a Sl\u00e1via Capital)<\/td>\n<\/tr>\n<tr>\n<td><strong>\u00d3dor \u013dudov\u00edt<\/strong><\/td>\n<td>do\u010dasne pozastaven\u00e9 \u010dlenstvo z d\u00f4vodu v\u00fdkonu verejnej funkcie<\/td>\n<\/tr>\n<tr>\n<td><strong>P\u00e4toprst\u00fd Viliam<\/strong><\/td>\n<td>UniCredit Bank (predt\u00fdm University Bocconi)<\/td>\n<\/tr>\n<tr>\n<td><strong>Sadovsk\u00e1 Eva<\/strong><\/td>\n<td><\/td>\n<\/tr>\n<tr>\n<td><strong>Salner Andrej<\/strong><\/td>\n<td>SGI<\/td>\n<\/tr>\n<tr>\n<td><strong>\u0160uster Martin<\/strong><\/td>\n<td>do\u010dasne pozastaven\u00e9 \u010dlenstvo z d\u00f4vodu v\u00fdkonu verejnej funkcie<\/td>\n<\/tr>\n<tr>\n<td><strong>T\u00f3th J\u00e1n<\/strong><\/td>\n<td>do\u010dasne pozastaven\u00e9 \u010dlenstvo z d\u00f4vodu v\u00fdkonu verejnej funkcie<\/td>\n<\/tr>\n<tr>\n<td><strong>Zlack\u00fd Vladim\u00edr<\/strong><\/td>\n<td><\/td>\n<\/tr>\n<\/tbody>\n<\/table>\n","protected":false},"excerpt":{"rendered":"<p>Predseda \u0160r\u00e1mkov\u00e1 Lucia sabbatical (predt\u00fdm Kancel\u00e1ria Rady pre rozpo\u010dtov\u00fa zodpovednos\u0165, IFP, ING bank) \u010eal\u0161\u00ed \u010dlenovia riadiaceho v\u00fdboru Valachy Juraj Tatra banka Va\u0161\u00e1kov\u00e1 L\u00edvia ZSE \u010clenovia kontrolnej komisie Beblav\u00fd Miroslav konzultant (predt\u00fdm NR SR, MPSVaR, SGI) Machlica Gabriel OECD Mu\u0161\u00e1k Michal Slovensk\u00e1 sporite\u013e\u0148a \u010clenovia Arady Andrej V\u00daB banka Barta Juraj Slovensk\u00e1 sporite\u013e\u0148a Barto Martin konzultant (predt\u00fdm [&hellip;]<\/p>\n","protected":false},"author":2,"featured_media":0,"parent":0,"menu_order":0,"comment_status":"closed","ping_status":"open","template":"","meta":{"footnotes":""},"class_list":["post-6","page","type-page","status-publish","hentry"],"_links":{"self":[{"href":"https:\/\/ineko.sk\/kea\/wp-json\/wp\/v2\/pages\/6","targetHints":{"allow":["GET"]}}],"collection":[{"href":"https:\/\/ineko.sk\/kea\/wp-json\/wp\/v2\/pages"}],"about":[{"href":"https:\/\/ineko.sk\/kea\/wp-json\/wp\/v2\/types\/page"}],"author":[{"embeddable":true,"href":"https:\/\/ineko.sk\/kea\/wp-json\/wp\/v2\/users\/2"}],"replies":[{"embeddable":true,"href":"https:\/\/ineko.sk\/kea\/wp-json\/wp\/v2\/comments?post=6"}],"version-history":[{"count":56,"href":"https:\/\/ineko.sk\/kea\/wp-json\/wp\/v2\/pages\/6\/revisions"}],"predecessor-version":[{"id":656,"href":"https:\/\/ineko.sk\/kea\/wp-json\/wp\/v2\/pages\/6\/revisions\/656"}],"wp:attachment":[{"href":"https:\/\/ineko.sk\/kea\/wp-json\/wp\/v2\/media?parent=6"}],"curies":[{"name":"wp","href":"https:\/\/api.w.org\/{rel}","templated":true}]}}